lculate the remainder when a is divided by y.
36
Suppose 632 = 9*h - 7*h + 4*t, 1269 = 4*h + 3*t. Calculate the remainder when 419 is divided by h/(-4)*10/(-15).
48
Let o(g) = -g + 1. Let i be o(0). Suppose 23 + i = 6*w. What is the remainder when (-1 + 6)/((-265)/(-65) - w) is divided by 14?
9
Let c(m) = 15*m - 1961. What is the remainder when c(168) is divided by 113?
107
Let l = -7518 + 7722. What is the remainder when 9177 is divided by l?
201
Let o = 16013 + -15721. Calculate the remainder when o is divided by 85.
37
Let v = -15938 - -16051. What is the remainder when v is divided by -2*(-2)/4 - -76?
36
Suppose -2*t + 7*t = 155. Suppose -12 = -w - 3*q - 3, 4*w + 2*q = 36. Suppose w*p - 856 = 1070. What is the remainder when p is divided by t?
28
Suppose 0 = 229*t - 215*t - 2184. Calculate the remainder when 759 is divided by t.
135
Let x(r) be the third derivative of -r**5/60 + 17*r**4/24 + 5*r**3/2 - 55*r**2. What is the remainder when 164 is divided by x(17)?
14
Let u be 189/(-35) - (-4)/10. Let r(k) = 5*k**2 + 10*k - 6. Calculate the remainder when r(u) is divided by 10.
9
Calculate the remainder when 361 is divided by 26 + 11 + 1 + -11.
10
Let v(r) = -116*r + 5211. What is the remainder when 4065 is divided by v(44)?
106
Let f = 939 + 1392. Calculate the remainder when f/99 + 24/(-44) is divided by 16.
7
Suppose 12*a + 48 = 15*a. Let t(s) = s - 8. Let z be t(a). What is the remainder when z/12*-3 - -17 is divided by 2?
1
Suppose 20*l + 75 = 25*l. Calculate the remainder when 4 + (-95)/(-2) + 15/30 is divided by l.
7
Let s = -36 - -30. Let y(o) = -2*o**3 - 4*o**2 - 13*o + 11. Calculate the remainder when y(s) is divided by 10.
7
Let f be 1 - 15/(-5) - 1. Suppose -7*a + f*a - 17 = -3*d, 3*d = -2*a - 13. Calculate the remainder when 225 is divided by 38 + ((-4)/4 - d).
35
Suppose 80*j - 510 = 63*j. What is the remainder when 87 is divided by j?
27
Let c be (13/(-26))/(34/32 + -1). Let y = -3 - c. Calculate the remainder when 14 is divided by y.
4
Let p(s) = -2*s**2 + 5*s - 2. Let b be p(5). Let w = b - -40. Calculate the remainder when (70/(-22) - (-20)/110)*-7 is divided by w.
8
Let i(m) = m**2 - 21*m + 82. Suppose 0 = 3*c + 11 - 65. What is the remainder when 47 is divided by i(c)?
19
Calculate the remainder when ((-153)/3)/((2/12)/((-6)/18)) is divided by 17.
0
Let k be -1 + (-4)/8*-32. Suppose 6 = 3*p, 6*p - k = -5*o + p. Let n = -124 - -127. What is the remainder when n is divided by o?
0
Suppose -100 = -w - 4*b, -3*w + 5*b = -249 + 17. What is the remainder when 1424 is divided by w?
80
Let z = 443 - 443. Suppose z = -45*n + 1562 + 1588. Calculate the remainder when 133 is divided by n.
63
Let c = -105 - -86. Let x = -35 + 63. Let z = x - c. What is the remainder when z is divided by 16?
15
Suppose -3*u + v + 678 = 0, -715 - 182 = -4*u - v. What is the remainder when u is divided by ((-6)/9 - (-575)/75)*172/28?
10
Let z = 18777 - 18512. Calculate the remainder when z is divided by 9.
4
Let h = 111874 - 111702. What is the remainder when h is divided by ((-6)/(-5))/(6/300)?
52
Let c be (0/(-24))/((-6)/2). Suppose c = -18*m + 19*m - 23. Calculate the remainder when 62 is divided by m.
16
Suppose -3*f + 9635 = -4*u, 28*u - 33*u + 9617 = 3*f. Calculate the remainder when f is divided by 1062.
23
Suppose -2*k + 6 = -4. Let l be 11004/105 + 2/10. Suppose -8*j - 3*u - l = -12*j, j - 3*u - 33 = 0. Calculate the remainder when j is divided by k.
4
What is the remainder when 95 is divided by 2/(((-420)/(-78) - 5)*6/15)?
4
Let h(p) = -p + 58. Let s = -53 - -66. What is the remainder when 83 is divided by h(s)?
38
Let f = -2825 + 2834. Calculate the remainder when 9726 is divided by f.
6
Let y = 1657 + -1636. What is the remainder when 34 is divided by y?
13
Let x = -14504 - -14508. Calculate the remainder when 1307 is divided by x.
3
What is the remainder when 719 is divided by 60/(-20 + (-16 - -40))?
14
Let n = 288 + -283. Suppose n*o + 0*o + 100 = 4*j, 5*o = 5*j - 130. What is the remainder when 109 is divided by j?
19
Suppose -w + 3*w = -4, 0 = -10*a + 4*w + 2948. What is the remainder when a is divided by 68?
22
Suppose -11*g - 720 = -17*g. Suppose p - g = -3*p. What is the remainder when p is divided by 115/10 - (-2)/4?
6
Let n = 31 - -107. Suppose 0 = 3*w - 33 - n. Calculate the remainder when w is divided by 13.
5
Let p = -615 + 1099. Suppose 118 - p = -3*y. Calculate the remainder when y is divided by 63.
59
Let s(f) = -f + 29. Suppose -8*y + y + 7 = 0. Let k be 15 + (0 + 1)/(y/(-2)). What is the remainder when 26 is divided by s(k)?
10
Suppose 21*u + 344 - 1604 = 0. Suppose 0 = 5*f + 5*r - 40, -56*f = -u*f - 5*r + 27. What is the remainder when 25 is divided by f?
12
Let u = 7017 + -7034. Let p(r) be the second derivative of -3*r**3/2 - 30*r**2 + 2*r. What is the remainder when p(u) is divided by 48?
45
Let v(u) = 2*u**3 - 28*u**2 + 2*u + 1. Suppose 0 = -15*p + 11*p + 5*n + 41, 0 = -3*p - 5*n + 57. What is the remainder when 86 is divided by v(p)?
28
Let s(t) = -4*t - 17 + 14 - 11 + t**2. Let h be s(9). Suppose -g + 0*m + 3*m + h = 0, 28 = 3*g + 4*m. Calculate the remainder when 31 is divided by g.
15
Let g be 7 - -102 - (2/2)/1. Suppose 4*w = -4*y + g, 3*w + 22 = 2*y - 7. Let c(h) = h**2 - 22*h + 28. Calculate the remainder when c(y) is divided by 10.
8
Suppose 32 = -7*u - 262. Calculate the remainder when 242 is divided by 212/6 + 14/u.
32
What is the remainder when 600 is divided by (16 - 12)/(8/14)?
5
Suppose -3*h = -4*h + 47. Calculate the remainder when h is divided by (75/(-6))/(2/(-3)) + 21/84.
9
Let w = 43 + -9. Calculate the remainder when 14 + (-11208)/(-108) + 2/9 is divided by w.
16
Suppose 1399 = r + 4*r + a, 0 = 2*r - 4*a - 542. Let u(n) = 2*n**2 + 147*n + 951. What is the remainder when r is divided by u(-7)?
19
Suppose -5*g + 0*f + 6 = -f, -3*g + 3*f = -6. Let x be g*-4 + (1 - 0) + 8. Calculate the remainder when 193 is divided by (3 - -2)/x - -13.
11
Let u = -24 - -8. Let l = -11 - u. Let y = -9407 + 9466. Calculate the remainder when y is divided by l.
4
Let i(u) = -u**3 - 45*u**2 - 87*u + 74. What is the remainder when 333 is divided by i(-43)?
99
Let k be (2 + 2)*(59 + -58). Suppose k*d - 3*n - 26 = 35, d - n - 16 = 0. What is the remainder when 126 is divided by d?
9
Let u(c) = -5*c**2 + 41*c. Let v(k) = -k**2 + 8*k. Let m(o) = 2*u(o) - 11*v(o). Suppose 0 = 3*n + 34 - 19. Calculate the remainder when m(n) is divided by 19.
17
Let n = -12867 + 12898. Calculate the remainder when 244 is divided by n.
27
Let f(l) = 4*l**2 - 91*l - 891. Calculate the remainder when f(-11) is divided by 204.
186
Let d(n) = 3*n - 7. Suppose 294*f + 39 = 305*f + 17. What is the remainder when d(5) is divided by f?
0
Let q be (-2 - -4)*((-1)/(-2) - -2). Suppose -4*l = -4*h + 16, -q + 17 = -3*h. What is the remainder when 25 is divided by (168/(-32))/(3/l)?
11
Let z = 2969 - 2934. Calculate the remainder when 167 is divided by z.
27
Let b = 1 - -13. Suppose 3*g - 307 = -4*o + 270, 5*o + 10 = 0. What is the remainder when b is divided by ((-312)/g)/(1*(-1)/5)?
6
Suppose -3*p + 21 = h - 3, -32 = -4*p - 5*h. What is the remainder when (((-24)/(-30))/(11 + -10))/(3/165) is divided by p?
4
Suppose 4 + 20 = 6*b. Suppose -b*o + 32 = -0*o. Calculate the remainder when (-328)/(-15) - (-2 - 168/(-90)) is divided by o.
6
Let s = 23261 - 23252. What is the remainder when 11681 is divided by s?
8
Let z(h) = 2*h**3 - 5*h**2 + 3*h + 3. Calculate the remainder when ((-1068)/(-22) - -2) + (-270)/495 is divided by z(3).
8
Let d = -39 + 55. Let g(l) = -3*l**3 - 11*l**2 - 5*l + 9. What is the remainder when g(-4) is divided by d?
13
Suppose 6*d + d - 1057 = 0. Suppose 3*p - y - y - 443 = 0, 2*y = -5*p + 765. Let f = p - 100. What is the remainder when d is divided by f?
49
Let q(f) = -f**3 + 7*f**2 + 43*f + 17. Let s be q(11). What is the remainder when -4 + s + 69 + 1 is divided by 13?
7
Let k(t) = -7*t**2 - 93*t - 81. Suppose 4*x = 3*a - 102, 0*x = -2*x - 6. What is the remainder when k(-10) is divided by a?
29
Let t = 831 - 815. What is the remainder when 186 is divided by t?
10
Suppose 4*g - 244 = 4*b, -225 = 4*b + 5*g + 10. What is the remainder when (21/(-2))/(1/(b/9)) is divided by (1 - 7)*-1*6?
34
Calculate the remainder when 387/(-86)*(-2974)/